he prime factors of v.
3, 5
Suppose -5 = c + 6. Let b be 2/c + 1092/77. Suppose -3*j = o - 5*j - b, 0 = 3*o + 3*j - 60. List the prime factors of o.
2, 3
Let f = -7 + 3. Let s(q) = q**3 + 5*q**2 + 4. What are the prime factors of s(f)?
2, 5
Suppose 2*l - 54 = -2*v + 10, -3*l = 4*v - 130. List the prime factors of v.
2, 17
Let g(u) = u**2 + 6*u - 2. Suppose z - 3 = -5*l - 4, 5*l = -2*z - 12. What are the prime factors of g(z)?
53
Let h = -53 + 92. Suppose -5*p + h - 4 = 0. What are the prime factors of p?
7
List the prime factors of (-972)/(-21) + (-6)/21.
2, 23
Suppose -34 = 4*u + 18. Let s = 18 + u. Suppose s*k + 0*k = 35. What are the prime factors of k?
7
Let n = -4 - -8. Let k be n/(-22) - 120/(-55). Suppose 0*t + k*t = 10, -5*r - 5*t = -70. List the prime factors of r.
3
Let j(w) = 17*w. Let n be j(-4). Let h be ((-3)/6)/(2/n). Let q = -5 + h. What are the prime factors of q?
2, 3
List the prime factors of ((-140)/(-15))/(1/18).
2, 3, 7
Suppose 3*u - 4*v + 4 = 5*u, -3*u + 4*v = 34. Let k be 86/6 - 4/u. Let y = 27 - k. What are the prime factors of y?
2, 3
Let y(s) be the first derivative of s**3/3 + 3*s**2/2 - 3*s - 1. What are the prime factors of y(6)?
3, 17
Let y = 29 + 33. What are the prime factors of y?
2, 31
Let v be (18/7)/(-1)*-7. Suppose 2*m - v - 28 = u, 0 = 2*m - 2*u - 50. Suppose 0 = -2*p + 5*g + 27, 2*p - 3*g = -0*p + m. List the prime factors of p.
2, 3
Suppose v + l - 76 = 6*l, -4*v + 329 = 5*l. What are the prime factors of v?
3
Let n = -231 + 342. Let m(d) = -2*d - 5. Let y be m(-5). Suppose 26 - n = -y*v. List the prime factors of v.
17
Suppose -4*v = -6*s + s + 102, 2*s - 5*v = 51. What are the prime factors of s?
2, 3
Suppose 20 = 5*s - 0*s. Let z = 5 - s. Suppose 0 = l - 9 - z. What are the prime factors of l?
2, 5
Suppose -3*y - 4*i = 18, -y + 4*i - i = 6. What are the prime factors of (y + 8)*(-18)/(-2)?
2, 3
Let x(u) be the first derivative of -u**4/4 + 5*u**3/3 + u**2/2 + 5*u - 2. List the prime factors of x(5).
2, 5
Suppose 0 = k - 0*k - 2. Let v(u) = 3*u - 5 - u**k + 5*u + 3*u. List the prime factors of v(10).
5
Suppose 4*k + 27 - 191 = 0. Suppose -25 = -5*c + 60. Suppose -k + c = -4*o. What are the prime factors of o?
2, 3
What are the prime factors of -2 + 4 - (0 + (3 - 13))?
2, 3
Suppose 6*x + 10 = 11*x. Let u be 2/1 + x/1. List the prime factors of (u + -1)*(0 + 1).
3
Let c = 3 + -19. Let r = 4 - c. List the prime factors of r.
2, 5
Let f(k) be the second derivative of k**3/3 + 7*k**2/2 + 10*k. List the prime factors of f(8).
23
Let q(v) = -v**2 + 28*v - 5. What are the prime factors of q(21)?
2, 71
Let o(l) = l**2 + 3*l - 3. Let w be o(2). Let d = 14 - w. What are the prime factors of d?
7
What are the prime factors of -58*(-5 + (-6)/(-4))?
7, 29
Suppose 4*q + 336 = 8*q - 3*r, 4*r + 158 = 2*q. What are the prime factors of q?
3, 29
List the prime factors of (-358)/(-8) + 1/4.
3, 5
Let f be (1/2)/((-2)/(-40)). Let a(s) = 1 + 2*s + 5*s**2 + f*s**3 - 4*s - 4*s**2. What are the prime factors of a(1)?
2, 5
List the prime factors of (1 - -2) + 16/8.
5
Let i be (-2)/8 - (-7)/(-4). Let w = 1 - i. Suppose 3*a + w = 24. List the prime factors of a.
7
Let b(r) = r**2 - 3*r - 5. Let h be b(5). Let y(a) = a**2 - 4*a. List the prime factors of y(h).
5
Let i(w) = -w**3 + 2*w**2 + w + 2. Suppose -7*c + 10 = -2*c. Let v be i(c). Suppose -13 = -v*z + 11. List the prime factors of z.
2, 3
Let w(r) = r + 2. Let u be w(3). Let m(x) be the second derivative of x**3/3 - x**2/2 - 4*x. List the prime factors of m(u).
3
Let v = 5 + -7. Let t be -3 - (v - -3)/(-1). List the prime factors of (5 - -2)*(3 + t).
7
Let q(k) = k**3 - 4*k**2 - 10*k + 9. Suppose 19 - 2 = 2*i - 5*w, -i - w + 5 = 0. List the prime factors of q(i).
3, 7
Let d be -2 + 2*(0 + 1). Let a be 3*4 + (d - 2). Suppose -5*r = -4*p - 40, -3*p - a = 5. What are the prime factors of r?
2
Let l = -2 + -2. Let m be (-2)/((l/(-14))/1). Let u(q) = q**2 + 6*q + 6. What are the prime factors of u(m)?
13
Let h = -245 - -420. List the prime factors of h.
5, 7
Let g = 45 - -9. What are the prime factors of g?
2, 3
Let v(f) = 6*f**2 - 15*f - 13. List the prime factors of v(-5).
2, 53
Let j be (-6)/(-9)*(-6)/2. Let b be 8*(5/j)/(-5). Suppose 3*l = -3*v + 12, b = v - 3*l - 4. List the prime factors of v.
5
Let d(x) = -3*x. Let u be d(-2). List the prime factors of u*(3 - (-2)/(-4)).
3, 5
Let n(w) = w**2 - 7*w + 7. List the prime factors of n(10).
37
Let d(o) be the third derivative of o**5/60 + o**4/12 - 5*o**3/6 - o**2. Let v be d(-5). Suppose 2*q + v = 34. What are the prime factors of q?
2, 3
Let u = 5 + -2. Let b be (-16)/(-6) - (-13)/39. List the prime factors of u*b - (-3)/3.
2, 5
Let l(c) = -c**2 + 8*c + 7. Suppose -4*o + 27 = u, -o - 2*u + 2 + 3 = 0. What are the prime factors of l(o)?
2, 7
Let k(v) = -v**2 - 9*v - 6. Let u be k(-8). Suppose -4*c + 4*h + 56 = 0, -5*c - u*h + 85 = -13. List the prime factors of c.
2, 3
Suppose 6*x - 5*x + 1 = 0. What are the prime factors of -1 + 2 + (-22)/x?
23
Suppose 0 = 4*f + 5*v - 2*v - 1, 2*f + 3*v + 7 = 0. Suppose 0*x - 3*x = f*w - 148, 3*x + 111 = 3*w. What are the prime factors of w?
37
List the prime factors of ((-2)/4)/(11036/2208 - 5).
2, 3, 23
Let w(g) = -g + 3. Let j be w(3). Let v be 2 + (7 - (j - -2)). Suppose 2*m - v = -5*p, -4 = -3*m + 3*p + 17. List the prime factors of m.
2, 3
Let p(a) = 4*a**2 - a + 1. Let d = 4 - 3. Let c be p(d). Suppose 5*x - 4*m = 2*x + 52, -2*x + c*m = -40. What are the prime factors of x?
2, 3
Suppose 2*y - m = 5*y - 14, 5*y + 5*m = 20. Let g = y + -2. Suppose g*v + b - 1 = 0, -4*b = 2*v - 5 + 21. What are the prime factors of v?
2
Suppose 3*d - 2*d - 61 = 0. What are the prime factors of d?
61
Let t(q) = q**3 + 6*q**2 - 7*q - 8. List the prime factors of t(-6).
2, 17
What are the prime factors of (-2)/(-8) + 2653/28?
5, 19
Suppose -29 + 2 = 3*i. Let j(r) = -r - 5. Let g be j(i). What are the prime factors of g/6 + (-16)/(-3)?
2, 3
Let v(w) = 2*w + 5. Let f be v(-6). Let j(x) = x**2 - 3*x - 3. Let b be j(6). Let g = f + b. List the prime factors of g.
2
Suppose -2*v + 5 = 1. List the prime factors of v/6*(-36)/(-4).
3
Suppose 5*x + 2*h - 6 = 2, -2*h + 8 = -2*x. Suppose x = -2*s + 6*s - 60. List the prime factors of s.
3, 5
Suppose 0*t = -2*t. Suppose t = 3*w - 36 - 0. Suppose 2*n - 3*n + 4*z = -12, -n = z - w. List the prime factors of n.
2, 3
Let m(z) = 2*z**3 + z - 1. Let o be m(1). Let s be o*-8*(-4)/8. Suppose 6*b = s*b - 46. List the prime factors of b.
23
Suppose -2*l - 15 + 59 = -4*c, -l + 6 = 2*c. Let f = 18 - l. List the prime factors of f.
2
Let b(q) = -3*q - 3. Let v(s) = s**3 + s**2 - 4. Suppose 2*l - l = 0. Let c be v(l). List the prime factors of b(c).
3
Suppose -3*y = -3*p + 8 + 19, -y - 37 = -5*p. Let h = 4 + p. What are the prime factors of h?
11
List the prime factors of (-1)/(-1*582/(-195) - 3).
5, 13
Let p(d) = -3*d + 3*d - 11*d. List the prime factors of p(-3).
3, 11
Let u(b) = b**2 + 3*b + 2. Let c be (-1 - -9)*3/(-6). Let x be u(c). List the prime factors of (17/(-2))/((-3)/x).
17
Let t be 0/(3 + (-4 - 0)). What are the prime factors of (-10)/((-1 - t) + 0)?
2, 5
Suppose -5*c = 3*t + 224, -c + 0*c = -3*t - 218. Let r = -43 - t. List the prime factors of r.
2, 3, 5
Suppose -m - 5*c + 62 = 0, -5*c - 126 = -6*m + 3*m. What are the prime factors of m?
47
Let w(q) = -9*q**2 - 5. Let z(c) = 19*c**2 + 10. Let r(h) = -13*w(h) - 6*z(h). What are the prime factors of r(-3)?
2
Suppose -4*d = -69 - 111. List the prime factors of d.
3, 5
Let c be ((-16)/20)/(2/(-15)). Suppose c*x = x. Suppose j - 20 = -2*b + 3*j, 3*b - j - 32 = x. List the prime factors of b.
11
Suppose v - 3*v + 5*y = -14, 6 = -3*y. Suppose 2*h - 120 = -v*u - 2*u, 0 = -u - 5*h + 12. Let w = u - 17. What are the prime factors of w?
3, 5
Let p(q) = -4*q. Let f(z) = z**2 - 11*z - 13. Let j be f(12). What are the prime factors of p(j)?
2
Let x be -29 - 5 - 1*-2. Let p = -2 - x. What are the prime factors of p?
2, 3, 5
Suppose f + d - 26 - 1 = 0, -d - 19 = -f. Suppose f = -0*x + x. What are the prime factors of x?
23
Suppose -a - 2*y + 4*y = -35, -a = -4*y - 25. Let n = a + -31. What are the prime factors of n?
2, 7
Suppose -8*j + 234 = -2*j. What are the prime factors of j?
3, 13
Let o(l) = l**2 + 2*l + 2. Let n be o(-2). 